ommon factor of t and 11907?
63
Let v = -25 - -365. Suppose -13*t - v = -15*t. What is the highest common divisor of 10 and t?
10
Suppose -7*q + 5*q = 0. Suppose -4*n = -3*w + w - 134, q = 4*n - 12. Let x be 3 - (2 - (2 - w)). Calculate the greatest common divisor of 160 and x.
32
Let m = 164 - 16. Let z be (-24)/(-16) - (-71)/2. What is the greatest common factor of m and z?
37
Suppose 13*o = 111*o + 155*o - 1012. Let v = -6 - -8. What is the greatest common divisor of o and v?
2
Suppose -5102*c = -5097*c - 13980. What is the highest common divisor of 24 and c?
12
Let x = 127 - 124. Suppose 34 + 38 = x*z. Calculate the highest common factor of z and 72.
24
Let p be (10/8)/((3/(-150))/((-4992)/120)). What is the highest common divisor of 8 and p?
8
Let a(u) = 2*u - 57. Let c be a(36). Let y = -3 - -15. Suppose 3*z - 3*j = 429 - y, 2*z + 5*j - 250 = 0. Calculate the greatest common divisor of z and c.
15
Let w(x) = -x**2 + 8*x + 3. Let z(i) = -i**2 + 3*i + 3. Suppose -9*s + s + 16 = 0. Let f be z(s). Let d be w(f). What is the highest common factor of d and 90?
18
Let b(a) = -a**3 + 8*a**2 - 5*a - 16. Let f be b(7). Let l be 2 + 1 - (2*f)/1. Let h = l + 1. What is the highest common divisor of h and 20?
4
Let m = -128 - -135. Suppose w + w - 3*p = 86, p = -w + 33. Suppose -2*v = -z - w, 3*v = v - 2*z + 52. What is the highest common factor of m and v?
7
Suppose -118*l + 120*l - 41 = 57. What is the highest common factor of l and 11123?
49
Let m(n) = n**3 - 7*n**2 - 18*n - 17. Let h be m(9). Let l = h - -119. What is the greatest common factor of 238 and l?
34
Suppose 3*k - 1904 = -14*k. Suppose 5*c - 69 = m, c - 6*c = m - 71. What is the greatest common divisor of c and k?
14
Suppose -2331 = k - 2349. What is the greatest common factor of 94 and k?
2
Let y(a) = -a**2 + 8*a + 14. Let u be y(-4). Let h = u - -37. Suppose -z - 5 = 0, 4*t - 227 - 964 = h*z. What is the greatest common divisor of 42 and t?
42
Let q = -2018 - -3187. Calculate the highest common divisor of 7 and q.
7
Let x = 202 - 160. Let f(t) = -t**3 - 6*t**2 - 4. Let g be f(-6). Let b be 16/g + 3 + 22. What is the greatest common factor of x and b?
21
Let v = 775 - 757. What is the greatest common factor of 7056 and v?
18
Let z(p) = -p**3 + 24*p**2 - 42*p + 4. Let l be z(21). What is the greatest common divisor of l and 15?
5
Suppose 0 = -4*f - 20, -3*q - 3*f + 18 = -0*f. Let v be (-26)/91*((-2)/(-11) + (-1296)/352). What is the highest common factor of v and q?
1
Suppose 0*y - n + 31 = 4*y, n + 17 = 2*y. Suppose -118*p + y = -117*p. Calculate the highest common divisor of p and 4.
4
Let z be 4*3/(-42) + (-9878)/(-77). Suppose 4*j - i - 172 + 48 = 0, z = 4*j - 2*i. Calculate the highest common factor of 70 and j.
10
Suppose -1782 = -7*m + 12533. Suppose -p - m = -2228. What is the highest common divisor of 305 and p?
61
Let g = -226 + 430. Let z = g - 28. What is the highest common factor of 64 and z?
16
Let h be ((-3528)/490)/((1/(-25))/((-2)/(-15))). What is the highest common divisor of h and 33876?
12
Let i(y) = 3*y - 35. Let w be i(12). Let p be (-24)/(w/(40/(-3))). Calculate the greatest common factor of 10 and p.
10
Suppose -211*l - 32 = -215*l. Suppose l*r + 152 = 16*r. Calculate the greatest common divisor of 304 and r.
19
Suppose -4*a - 2*d = -0*d - 41800, -a + 5*d + 10472 = 0. Suppose h = 13*h - a. Let k = -472 + h. What is the highest common divisor of k and 57?
57
Let k be 120/(-80) - 6/(-4)*-5. Let i be (-6 - k - 10/4)*36. What is the highest common factor of i and 72?
18
Let f = -11 + 2. Let y be 3 - (-48)/(f/(-3)). Let h(j) = j**3 - 18*j**2 - 17*j - 33. Let z be h(y). What is the highest common factor of 15 and z?
5
Let a = 180678 - 180628. Suppose 315 = 4*r - 3*c, r - 61 = 5*c + 39. Calculate the highest common divisor of r and a.
25
Let d be ((-42)/(-5))/(-47 - 487650/(-10375)). Calculate the greatest common factor of 294 and d.
42
Let p = -2 - -6. Suppose -5*a + n - 14 = p*n, 0 = 2*a - 5*n - 13. Let i be 10 + 1/1*a. What is the greatest common divisor of 63 and i?
9
Suppose 2*m - 140 = 234. Suppose d - m = -175. Calculate the highest common factor of d and 20.
4
Let h be 8/4 + -304 + -1. Let k = h + 311. What is the highest common divisor of k and 40?
8
Let p = -18005 + 24188. What is the highest common divisor of 54 and p?
27
Suppose 28*d - 36 = 22*d. Let h be (-10)/d + 2660/84. What is the greatest common divisor of 345 and h?
15
Suppose 0 = 3*s + 4*y - 278, -4*s + 396 = -5*y + 4*y. Calculate the greatest common divisor of s and 182.
14
Suppose -50*o = -59*o + 1566. Calculate the highest common factor of 30 and o.
6
Suppose 7*v = 4*n - 180 + 2046, -3*v + 780 = -5*n. What is the highest common divisor of v and 594?
54
Let a be (-3 + 315/6)*-2. Let z be 18/a - (-882)/11. Suppose 15 = -5*f, -2*o = -f + 1 - 24. What is the greatest common divisor of z and o?
10
Suppose -2*u + 0*u - 10 = 0. Let f be (u*84/36)/((-1)/15). Calculate the greatest common divisor of f and 35.
35
Suppose 40*l - 149 + 749 = 0. Let g be l/(-6)*1/(10/232). Calculate the greatest common divisor of 87 and g.
29
Let t = 963 + -949. Calculate the greatest common divisor of t and 1176.
14
Suppose 4 = -7*t + 4. Suppose 4*v = 60 - t. What is the greatest common factor of 105 and v?
15
Suppose 113*a - 2415 = 21*a - 23. Calculate the highest common divisor of 2912 and a.
26
Suppose -39*z = -21675 - 19509. What is the greatest common factor of 165 and z?
33
Suppose 0 = -5*b - 3*t + 1922, -11*t + 1520 = 4*b - 13*t. Let o = b + -364. Calculate the greatest common factor of o and 96.
6
Let k be (-6 - 4/2) + -2. Let y be (-1343)/119 - ((-24)/(-14) + -2). Let u be y*(k + 0) + 0. Calculate the greatest common divisor of u and 10.
10
Let w(x) = 14*x + 6. Let i be w(4). Let v be (12/16)/((-3)/(-1116)). Calculate the greatest common factor of i and v.
31
Suppose -2*l = -7*l - 2*f - 6, f = -l - 3. Suppose 0 = n - 56 - 8. Suppose -o + 32 + n = l. What is the greatest common factor of o and 12?
12
Let u be (270/84)/((-24)/(-28))*228. Calculate the highest common factor of 152 and u.
19
Suppose 1188 = 5*g - g. Suppose -4*w + 29682*v - 29680*v = -38, 2*v = -2*w + 70. What is the highest common factor of w and g?
9
Let i(j) = 22*j**3 - 10*j**2 + 4*j + 5. Let n be i(1). Let d(u) = 68*u**2 - 3*u + 7. Let y be d(2). What is the greatest common factor of y and n?
21
Suppose -l - 5*v + 67 = 0, 12*l = 16*l + 5*v - 238. Let x = l - 15. What is the greatest common divisor of 70 and x?
14
Let p = -139 + 203. Let d(b) = 8 - 4*b + 6*b - 8. Let s be d(8). Calculate the highest common factor of p and s.
16
Suppose 0 = 28*x + 15*x - 516. Let q be 36/14*(-70)/(-15). Suppose -3*s - 2*o + 28 = -0*s, 3*o + q = 0. Calculate the highest common factor of s and x.
12
Suppose 4*i + 4*t - 376 = 0, 56*i - 472 = 51*i - 3*t. What is the greatest common factor of i and 5130?
95
Suppose 14 = -2*m, 20*f - 23*f + 1713 = -3*m. Calculate the greatest common divisor of f and 2209.
47
Suppose u - 44 = 13. Let z = u + 174. Suppose 4*y - 5*w - 99 = 0, -3*y + 7*y + 2*w = 78. Calculate the greatest common divisor of y and z.
21
Let l be 565*1/6 + (2499/(-49))/306. Calculate the highest common divisor of l and 3008.
94
Let v(r) be the second derivative of -r**4/12 - r**3/2 + 3*r**2/2 - 8*r. Let w be v(0). Calculate the greatest common divisor of 27 and w.
3
Suppose -1369 = -5*w + 3*h, -3*w + 3*h + 97 = -722. Suppose 0 = -6*o + o + w. Let p be -4 + o/1*4/10. What is the highest common factor of p and 12?
6
Let d = 380 + -362. Let s be (2862/(-4) + 0)/(18/(-24)). What is the greatest common divisor of d and s?
18
Let q = -1400 + 454. Let o = 948 + q. What is the greatest common divisor of o and 1?
1
Suppose 2*w - 36 = 74. Let y be ((-3)/(-12)*45)/((-15)/(-40)). Suppose -m = 2*j - 26, -3*j - 2*m + y = -j. Calculate the greatest common divisor of j and w.
11
Let v be ((-26)/(-4))/(6/36). Suppose -4*m + 3*w = -147, -4*m = 21*w - 18*w - 165. Calculate the highest common factor of v and m.
39
Let p(t) = t**2 + 34*t - 408. Let h be p(11). What is the highest common divisor of 11368 and h?
29
Suppose 12*l = 1052 + 2092. Suppose -3*s + h + 270 = 4*h, 3*s - h = l. Calculate the highest common divisor of 44 and s.
44
Let i be 2*(0 + -1)*2. Let s be -2*i/(-16)*-2.